{"id":440,"date":"2023-06-05T13:57:08","date_gmt":"2023-06-05T13:57:08","guid":{"rendered":"http:\/\/bck.rtv-ooe.at\/rtvmeinverein\/?page_id=440"},"modified":"2023-08-11T21:32:07","modified_gmt":"2023-08-11T21:32:07","slug":"gesundheit","status":"publish","type":"page","link":"https:\/\/www.rtvmeinverein.at\/index.php\/gesundheit\/","title":{"rendered":"Gesundheit"},"content":{"rendered":"<ul class=\"wp-block-latest-posts__list is-grid columns-3 wp-block-latest-posts has-base-font-size has-base-font-family\"><li><div class=\"wp-block-latest-posts__featured-image\"><a href=\"https:\/\/www.rtvmeinverein.at\/index.php\/2024\/10\/03\/kein-schlechter-scherz-und-echt-kein-spas-er-kommt-der-e-impfpass\/\" aria-label=\"Der e-Impfpass ist da!\"><img width=\"300\" height=\"200\" src=\"https:\/\/www.rtvmeinverein.at\/wp-content\/uploads\/2024\/10\/Moderna_COVID-19_vaccine_2021-e1727936487353-300x200.jpg\" class=\"attachment-medium size-medium wp-post-image\" alt=\"\" decoding=\"async\" loading=\"lazy\" style=\"max-width:300px;max-height:140px;\" srcset=\"https:\/\/www.rtvmeinverein.at\/wp-content\/uploads\/2024\/10\/Moderna_COVID-19_vaccine_2021-e1727936487353-300x200.jpg 300w, https:\/\/www.rtvmeinverein.at\/wp-content\/uploads\/2024\/10\/Moderna_COVID-19_vaccine_2021-e1727936487353-1024x684.jpg 1024w, https:\/\/www.rtvmeinverein.at\/wp-content\/uploads\/2024\/10\/Moderna_COVID-19_vaccine_2021-e1727936487353-768x513.jpg 768w, https:\/\/www.rtvmeinverein.at\/wp-content\/uploads\/2024\/10\/Moderna_COVID-19_vaccine_2021-e1727936487353-1170x781.jpg 1170w, https:\/\/www.rtvmeinverein.at\/wp-content\/uploads\/2024\/10\/Moderna_COVID-19_vaccine_2021-e1727936487353.jpg 1200w\" sizes=\"(max-width: 300px) 100vw, 300px\" \/><\/a><\/div><a class=\"wp-block-latest-posts__post-title\" href=\"https:\/\/www.rtvmeinverein.at\/index.php\/2024\/10\/03\/kein-schlechter-scherz-und-echt-kein-spas-er-kommt-der-e-impfpass\/\">Der e-Impfpass ist da!<\/a><\/li>\n<li><div class=\"wp-block-latest-posts__featured-image\"><a href=\"https:\/\/www.rtvmeinverein.at\/index.php\/2024\/08\/28\/alternative-heilung\/\" aria-label=\"Alternative Heilung\"><img width=\"300\" height=\"200\" src=\"https:\/\/www.rtvmeinverein.at\/wp-content\/uploads\/2024\/08\/Several_vaccines_2021-300x200.jpg\" class=\"attachment-medium size-medium wp-post-image\" alt=\"\" decoding=\"async\" loading=\"lazy\" style=\"max-width:300px;max-height:140px;\" srcset=\"https:\/\/www.rtvmeinverein.at\/wp-content\/uploads\/2024\/08\/Several_vaccines_2021-300x200.jpg 300w, https:\/\/www.rtvmeinverein.at\/wp-content\/uploads\/2024\/08\/Several_vaccines_2021.jpg 640w\" sizes=\"(max-width: 300px) 100vw, 300px\" \/><\/a><\/div><a class=\"wp-block-latest-posts__post-title\" href=\"https:\/\/www.rtvmeinverein.at\/index.php\/2024\/08\/28\/alternative-heilung\/\">Alternative Heilung<\/a><\/li>\n<li><div class=\"wp-block-latest-posts__featured-image\"><a href=\"https:\/\/www.rtvmeinverein.at\/index.php\/2024\/08\/27\/demenz-und-alzheimer-sind-heilbar\/\" aria-label=\"Demenz und Alzheimer sind heilbar\"><img width=\"300\" height=\"200\" src=\"https:\/\/www.rtvmeinverein.at\/wp-content\/uploads\/2024\/08\/Computed_tomography_of_human_brain_-_large-e1724742036556-300x200.png\" class=\"attachment-medium size-medium wp-post-image\" alt=\"\" decoding=\"async\" loading=\"lazy\" style=\"max-width:300px;max-height:140px;\" srcset=\"https:\/\/www.rtvmeinverein.at\/wp-content\/uploads\/2024\/08\/Computed_tomography_of_human_brain_-_large-e1724742036556-300x200.png 300w, https:\/\/www.rtvmeinverein.at\/wp-content\/uploads\/2024\/08\/Computed_tomography_of_human_brain_-_large-e1724742036556.png 630w\" sizes=\"(max-width: 300px) 100vw, 300px\" \/><\/a><\/div><a class=\"wp-block-latest-posts__post-title\" href=\"https:\/\/www.rtvmeinverein.at\/index.php\/2024\/08\/27\/demenz-und-alzheimer-sind-heilbar\/\">Demenz und Alzheimer sind heilbar<\/a><\/li>\n<li><div class=\"wp-block-latest-posts__featured-image\"><a href=\"https:\/\/www.rtvmeinverein.at\/index.php\/2024\/08\/20\/kampf-um-die-kinder-wenn-die-geburtskomplikation-zur-strafsache-wird\/\" aria-label=\"Kampf um die Kinder \u2013 Wenn die Geburtskomplikation zur Strafsache wird\"><img width=\"300\" height=\"200\" src=\"https:\/\/www.rtvmeinverein.at\/wp-content\/uploads\/2024\/08\/Bildschirmfoto_20-8-2024_94125_www.youtube.com_-e1724139839149-300x200.jpeg\" class=\"attachment-medium size-medium wp-post-image\" alt=\"\" decoding=\"async\" loading=\"lazy\" style=\"max-width:300px;max-height:140px;\" srcset=\"https:\/\/www.rtvmeinverein.at\/wp-content\/uploads\/2024\/08\/Bildschirmfoto_20-8-2024_94125_www.youtube.com_-e1724139839149-300x200.jpeg 300w, https:\/\/www.rtvmeinverein.at\/wp-content\/uploads\/2024\/08\/Bildschirmfoto_20-8-2024_94125_www.youtube.com_-e1724139839149-768x511.jpeg 768w, https:\/\/www.rtvmeinverein.at\/wp-content\/uploads\/2024\/08\/Bildschirmfoto_20-8-2024_94125_www.youtube.com_-e1724139839149.jpeg 861w\" sizes=\"(max-width: 300px) 100vw, 300px\" \/><\/a><\/div><a class=\"wp-block-latest-posts__post-title\" href=\"https:\/\/www.rtvmeinverein.at\/index.php\/2024\/08\/20\/kampf-um-die-kinder-wenn-die-geburtskomplikation-zur-strafsache-wird\/\">Kampf um die Kinder \u2013 Wenn die Geburtskomplikation zur Strafsache wird<\/a><\/li>\n<li><div class=\"wp-block-latest-posts__featured-image\"><a href=\"https:\/\/www.rtvmeinverein.at\/index.php\/2024\/08\/19\/bill-gates-auch-nutztiere-sollen-zukunftig-mit-mrna-impfstoff-geimpft-werden\/\" aria-label=\"Bill Gates: Auch Nutztiere sollen zuk\u00fcnftig mit mRNA-Impfstoff geimpft werden\"><img width=\"300\" height=\"200\" src=\"https:\/\/www.rtvmeinverein.at\/wp-content\/uploads\/2024\/08\/640px-Bill_Gates_2013-e1724139821864-300x200.jpg\" class=\"attachment-medium size-medium wp-post-image\" alt=\"\" decoding=\"async\" loading=\"lazy\" style=\"max-width:300px;max-height:140px;\" srcset=\"https:\/\/www.rtvmeinverein.at\/wp-content\/uploads\/2024\/08\/640px-Bill_Gates_2013-e1724139821864-300x200.jpg 300w, https:\/\/www.rtvmeinverein.at\/wp-content\/uploads\/2024\/08\/640px-Bill_Gates_2013-e1724139821864.jpg 640w\" sizes=\"(max-width: 300px) 100vw, 300px\" \/><\/a><\/div><a class=\"wp-block-latest-posts__post-title\" href=\"https:\/\/www.rtvmeinverein.at\/index.php\/2024\/08\/19\/bill-gates-auch-nutztiere-sollen-zukunftig-mit-mrna-impfstoff-geimpft-werden\/\">Bill Gates: Auch Nutztiere sollen zuk\u00fcnftig mit mRNA-Impfstoff geimpft werden<\/a><\/li>\n<li><div class=\"wp-block-latest-posts__featured-image\"><a href=\"https:\/\/www.rtvmeinverein.at\/index.php\/2024\/04\/29\/wir-sprechen-klartext-kinderschutz-statt-gender-indoktrination\/\" aria-label=\"Wir sprechen Klartext: Kinderschutz statt Gender-Indoktrination\"><img width=\"300\" height=\"199\" src=\"https:\/\/www.rtvmeinverein.at\/wp-content\/uploads\/2024\/04\/rtv1-e1714382065656-300x199.png\" class=\"attachment-medium size-medium wp-post-image\" alt=\"\" decoding=\"async\" loading=\"lazy\" style=\"max-width:300px;max-height:140px;\" srcset=\"https:\/\/www.rtvmeinverein.at\/wp-content\/uploads\/2024\/04\/rtv1-e1714382065656-300x199.png 300w, https:\/\/www.rtvmeinverein.at\/wp-content\/uploads\/2024\/04\/rtv1-e1714382065656-768x511.png 768w, https:\/\/www.rtvmeinverein.at\/wp-content\/uploads\/2024\/04\/rtv1-e1714382065656.png 877w\" sizes=\"(max-width: 300px) 100vw, 300px\" \/><\/a><\/div><a class=\"wp-block-latest-posts__post-title\" href=\"https:\/\/www.rtvmeinverein.at\/index.php\/2024\/04\/29\/wir-sprechen-klartext-kinderschutz-statt-gender-indoktrination\/\">Wir sprechen Klartext: Kinderschutz statt Gender-Indoktrination<\/a><\/li>\n<li><div class=\"wp-block-latest-posts__featured-image\"><a href=\"https:\/\/www.rtvmeinverein.at\/index.php\/2024\/04\/29\/groser-andrang-beim-zuruck-zur-normalitat-vortragsabend-mit-herbert-kickl-und-sucharit-bhakdi\/\" aria-label=\"Gro\u00dfer Andrang beim &#8220;Zur\u00fcck zur Normalit\u00e4t&#8221; Vortragsabend mit Herbert Kickl und Sucharit Bhakdi\"><img width=\"300\" height=\"200\" src=\"https:\/\/www.rtvmeinverein.at\/wp-content\/uploads\/2024\/04\/bakdi-e1714380755250-300x200.png\" class=\"attachment-medium size-medium wp-post-image\" alt=\"\" decoding=\"async\" loading=\"lazy\" style=\"max-width:300px;max-height:140px;\" srcset=\"https:\/\/www.rtvmeinverein.at\/wp-content\/uploads\/2024\/04\/bakdi-e1714380755250-300x200.png 300w, https:\/\/www.rtvmeinverein.at\/wp-content\/uploads\/2024\/04\/bakdi-e1714380755250-768x511.png 768w, https:\/\/www.rtvmeinverein.at\/wp-content\/uploads\/2024\/04\/bakdi-e1714380755250.png 890w\" sizes=\"(max-width: 300px) 100vw, 300px\" \/><\/a><\/div><a class=\"wp-block-latest-posts__post-title\" href=\"https:\/\/www.rtvmeinverein.at\/index.php\/2024\/04\/29\/groser-andrang-beim-zuruck-zur-normalitat-vortragsabend-mit-herbert-kickl-und-sucharit-bhakdi\/\">Gro\u00dfer Andrang beim &#8220;Zur\u00fcck zur Normalit\u00e4t&#8221; Vortragsabend mit Herbert Kickl und Sucharit Bhakdi<\/a><\/li>\n<li><div class=\"wp-block-latest-posts__featured-image\"><a href=\"https:\/\/www.rtvmeinverein.at\/index.php\/2024\/03\/22\/ivermectin-ein-unterschatztes-medikament-fur-menschen-oder-doch-nur-ein-pferdeentwurmungsmittel\/\" aria-label=\"Ivermectin: Ein untersch\u00e4tztes Medikament f\u00fcr Menschen oder doch nur ein Pferdeentwurmungsmittel?\"><img width=\"300\" height=\"200\" src=\"https:\/\/www.rtvmeinverein.at\/wp-content\/uploads\/2024\/03\/haditsch-e1711098448822-300x200.png\" class=\"attachment-medium size-medium wp-post-image\" alt=\"\" decoding=\"async\" loading=\"lazy\" style=\"max-width:300px;max-height:140px;\" srcset=\"https:\/\/www.rtvmeinverein.at\/wp-content\/uploads\/2024\/03\/haditsch-e1711098448822-300x200.png 300w, https:\/\/www.rtvmeinverein.at\/wp-content\/uploads\/2024\/03\/haditsch-e1711098448822-768x511.png 768w, https:\/\/www.rtvmeinverein.at\/wp-content\/uploads\/2024\/03\/haditsch-e1711098448822.png 868w\" sizes=\"(max-width: 300px) 100vw, 300px\" \/><\/a><\/div><a class=\"wp-block-latest-posts__post-title\" href=\"https:\/\/www.rtvmeinverein.at\/index.php\/2024\/03\/22\/ivermectin-ein-unterschatztes-medikament-fur-menschen-oder-doch-nur-ein-pferdeentwurmungsmittel\/\">Ivermectin: Ein untersch\u00e4tztes Medikament f\u00fcr Menschen oder doch nur ein Pferdeentwurmungsmittel?<\/a><\/li>\n<li><div class=\"wp-block-latest-posts__featured-image\"><a href=\"https:\/\/www.rtvmeinverein.at\/index.php\/2024\/03\/04\/absichtlich-gesund-oder-chronisch-krank\/\" aria-label=\"Absichtlich gesund oder chronisch krank?\"><img width=\"300\" height=\"200\" src=\"https:\/\/www.rtvmeinverein.at\/wp-content\/uploads\/2024\/03\/2-1-e1709557608681-300x200.jpg\" class=\"attachment-medium size-medium wp-post-image\" alt=\"\" decoding=\"async\" loading=\"lazy\" style=\"max-width:300px;max-height:140px;\" srcset=\"https:\/\/www.rtvmeinverein.at\/wp-content\/uploads\/2024\/03\/2-1-e1709557608681-300x200.jpg 300w, https:\/\/www.rtvmeinverein.at\/wp-content\/uploads\/2024\/03\/2-1-e1709557608681-1024x683.jpg 1024w, https:\/\/www.rtvmeinverein.at\/wp-content\/uploads\/2024\/03\/2-1-e1709557608681-768x512.jpg 768w, https:\/\/www.rtvmeinverein.at\/wp-content\/uploads\/2024\/03\/2-1-e1709557608681.jpg 1041w\" sizes=\"(max-width: 300px) 100vw, 300px\" \/><\/a><\/div><a class=\"wp-block-latest-posts__post-title\" href=\"https:\/\/www.rtvmeinverein.at\/index.php\/2024\/03\/04\/absichtlich-gesund-oder-chronisch-krank\/\">Absichtlich gesund oder chronisch krank?<\/a><\/li>\n<li><div class=\"wp-block-latest-posts__featured-image\"><a href=\"https:\/\/www.rtvmeinverein.at\/index.php\/2024\/02\/07\/90-aller-krankheiten-waren-vermeidbar\/\" aria-label=\"90% aller Krankheiten w\u00e4ren vermeidbar\"><img width=\"300\" height=\"200\" src=\"https:\/\/www.rtvmeinverein.at\/wp-content\/uploads\/2024\/02\/Symptoms_of_coronavirus_disease_2019_2.0.svg_-e1707303540405-300x200.png\" class=\"attachment-medium size-medium wp-post-image\" alt=\"\" decoding=\"async\" loading=\"lazy\" style=\"max-width:300px;max-height:140px;\" srcset=\"https:\/\/www.rtvmeinverein.at\/wp-content\/uploads\/2024\/02\/Symptoms_of_coronavirus_disease_2019_2.0.svg_-e1707303540405-300x200.png 300w, https:\/\/www.rtvmeinverein.at\/wp-content\/uploads\/2024\/02\/Symptoms_of_coronavirus_disease_2019_2.0.svg_-e1707303540405.png 640w\" sizes=\"(max-width: 300px) 100vw, 300px\" \/><\/a><\/div><a class=\"wp-block-latest-posts__post-title\" href=\"https:\/\/www.rtvmeinverein.at\/index.php\/2024\/02\/07\/90-aller-krankheiten-waren-vermeidbar\/\">90% aller Krankheiten w\u00e4ren vermeidbar<\/a><\/li>\n<li><div class=\"wp-block-latest-posts__featured-image\"><a href=\"https:\/\/www.rtvmeinverein.at\/index.php\/2024\/01\/18\/disease-x-wef-schreibt-bereits-von-gefahren-durch-neuen-virus\/\" aria-label=\"Disease X: WEF warnt bereits vor Gefahren durch neue Virus-Erkrankung\"><img width=\"300\" height=\"200\" src=\"https:\/\/www.rtvmeinverein.at\/wp-content\/uploads\/2024\/01\/virus-x-e1705577588402-300x200.png\" class=\"attachment-medium size-medium wp-post-image\" alt=\"\" decoding=\"async\" loading=\"lazy\" style=\"max-width:300px;max-height:140px;\" srcset=\"https:\/\/www.rtvmeinverein.at\/wp-content\/uploads\/2024\/01\/virus-x-e1705577588402-300x200.png 300w, https:\/\/www.rtvmeinverein.at\/wp-content\/uploads\/2024\/01\/virus-x-e1705577588402-1024x682.png 1024w, https:\/\/www.rtvmeinverein.at\/wp-content\/uploads\/2024\/01\/virus-x-e1705577588402-768x512.png 768w, https:\/\/www.rtvmeinverein.at\/wp-content\/uploads\/2024\/01\/virus-x-e1705577588402-1536x1023.png 1536w, https:\/\/www.rtvmeinverein.at\/wp-content\/uploads\/2024\/01\/virus-x-e1705577588402-1170x780.png 1170w, https:\/\/www.rtvmeinverein.at\/wp-content\/uploads\/2024\/01\/virus-x-e1705577588402.png 1660w\" sizes=\"(max-width: 300px) 100vw, 300px\" \/><\/a><\/div><a class=\"wp-block-latest-posts__post-title\" href=\"https:\/\/www.rtvmeinverein.at\/index.php\/2024\/01\/18\/disease-x-wef-schreibt-bereits-von-gefahren-durch-neuen-virus\/\">Disease X: WEF warnt bereits vor Gefahren durch neue Virus-Erkrankung<\/a><\/li>\n<li><div class=\"wp-block-latest-posts__featured-image\"><a href=\"https:\/\/www.rtvmeinverein.at\/index.php\/2024\/01\/14\/erkenntnisse-nach-corona-pandemie-schulmedizin-ist-lebensbedrohlich\/\" aria-label=\"Erkenntnisse nach Corona-Pandemie: Schulmedizin ist lebensbedrohlich\"><img width=\"300\" height=\"200\" src=\"https:\/\/www.rtvmeinverein.at\/wp-content\/uploads\/2024\/01\/Surgeon_operating_Fitzsimons_Army_Medical_Center_circa_1990-e1705255989406-300x200.jpeg\" class=\"attachment-medium size-medium wp-post-image\" alt=\"\" decoding=\"async\" loading=\"lazy\" style=\"max-width:300px;max-height:140px;\" srcset=\"https:\/\/www.rtvmeinverein.at\/wp-content\/uploads\/2024\/01\/Surgeon_operating_Fitzsimons_Army_Medical_Center_circa_1990-e1705255989406-300x200.jpeg 300w, https:\/\/www.rtvmeinverein.at\/wp-content\/uploads\/2024\/01\/Surgeon_operating_Fitzsimons_Army_Medical_Center_circa_1990-e1705255989406.jpeg 640w\" sizes=\"(max-width: 300px) 100vw, 300px\" \/><\/a><\/div><a class=\"wp-block-latest-posts__post-title\" href=\"https:\/\/www.rtvmeinverein.at\/index.php\/2024\/01\/14\/erkenntnisse-nach-corona-pandemie-schulmedizin-ist-lebensbedrohlich\/\">Erkenntnisse nach Corona-Pandemie: Schulmedizin ist lebensbedrohlich<\/a><\/li>\n<li><div class=\"wp-block-latest-posts__featured-image\"><a href=\"https:\/\/www.rtvmeinverein.at\/index.php\/2024\/01\/04\/geld-regiert-die-medizin-chemotherapie-ein-milliardengeschaft\/\" aria-label=\"Geld regiert die Medizin: Chemotherapie, ein Milliardengesch\u00e4ft\"><img width=\"300\" height=\"200\" src=\"https:\/\/www.rtvmeinverein.at\/wp-content\/uploads\/2024\/01\/Breast_cancer_cell_2-e1704363452717-300x200.jpg\" class=\"attachment-medium size-medium wp-post-image\" alt=\"\" decoding=\"async\" loading=\"lazy\" style=\"max-width:300px;max-height:140px;\" srcset=\"https:\/\/www.rtvmeinverein.at\/wp-content\/uploads\/2024\/01\/Breast_cancer_cell_2-e1704363452717-300x200.jpg 300w, https:\/\/www.rtvmeinverein.at\/wp-content\/uploads\/2024\/01\/Breast_cancer_cell_2-e1704363452717.jpg 616w\" sizes=\"(max-width: 300px) 100vw, 300px\" \/><\/a><\/div><a class=\"wp-block-latest-posts__post-title\" href=\"https:\/\/www.rtvmeinverein.at\/index.php\/2024\/01\/04\/geld-regiert-die-medizin-chemotherapie-ein-milliardengeschaft\/\">Geld regiert die Medizin: Chemotherapie, ein Milliardengesch\u00e4ft<\/a><\/li>\n<li><div class=\"wp-block-latest-posts__featured-image\"><a href=\"https:\/\/www.rtvmeinverein.at\/index.php\/2023\/12\/05\/destruktives-gesundheits-system-und-was-uns-krank-macht\/\" aria-label=\"Destruktives (Gesundheits-)System und was uns krank macht\"><img width=\"300\" height=\"200\" src=\"https:\/\/www.rtvmeinverein.at\/wp-content\/uploads\/2023\/12\/dr-schubert-e1701777040749-300x200.png\" class=\"attachment-medium size-medium wp-post-image\" alt=\"\" decoding=\"async\" loading=\"lazy\" style=\"max-width:300px;max-height:140px;\" srcset=\"https:\/\/www.rtvmeinverein.at\/wp-content\/uploads\/2023\/12\/dr-schubert-e1701777040749-300x200.png 300w, https:\/\/www.rtvmeinverein.at\/wp-content\/uploads\/2023\/12\/dr-schubert-e1701777040749.png 750w\" sizes=\"(max-width: 300px) 100vw, 300px\" \/><\/a><\/div><a class=\"wp-block-latest-posts__post-title\" href=\"https:\/\/www.rtvmeinverein.at\/index.php\/2023\/12\/05\/destruktives-gesundheits-system-und-was-uns-krank-macht\/\">Destruktives (Gesundheits-)System und was uns krank macht<\/a><\/li>\n<li><div class=\"wp-block-latest-posts__featured-image\"><a href=\"https:\/\/www.rtvmeinverein.at\/index.php\/2023\/09\/04\/vitamic-biosen\/\" aria-label=\"Vitamic Biosen\"><img width=\"300\" height=\"200\" src=\"https:\/\/www.rtvmeinverein.at\/wp-content\/uploads\/2023\/09\/vitbio_geschmalt-e1693824007613-300x200.jpg\" class=\"attachment-medium size-medium wp-post-image\" alt=\"\" decoding=\"async\" loading=\"lazy\" style=\"max-width:300px;max-height:140px;\" srcset=\"https:\/\/www.rtvmeinverein.at\/wp-content\/uploads\/2023\/09\/vitbio_geschmalt-e1693824007613-300x200.jpg 300w, https:\/\/www.rtvmeinverein.at\/wp-content\/uploads\/2023\/09\/vitbio_geschmalt-e1693824007613-1024x682.jpg 1024w, https:\/\/www.rtvmeinverein.at\/wp-content\/uploads\/2023\/09\/vitbio_geschmalt-e1693824007613-768x511.jpg 768w, https:\/\/www.rtvmeinverein.at\/wp-content\/uploads\/2023\/09\/vitbio_geschmalt-e1693824007613-1536x1023.jpg 1536w, https:\/\/www.rtvmeinverein.at\/wp-content\/uploads\/2023\/09\/vitbio_geschmalt-e1693824007613-1170x779.jpg 1170w, https:\/\/www.rtvmeinverein.at\/wp-content\/uploads\/2023\/09\/vitbio_geschmalt-e1693824007613.jpg 1622w\" sizes=\"(max-width: 300px) 100vw, 300px\" \/><\/a><\/div><a class=\"wp-block-latest-posts__post-title\" href=\"https:\/\/www.rtvmeinverein.at\/index.php\/2023\/09\/04\/vitamic-biosen\/\">Vitamic Biosen<\/a><\/li>\n<li><div class=\"wp-block-latest-posts__featured-image\"><a href=\"https:\/\/www.rtvmeinverein.at\/index.php\/2023\/09\/04\/hilfe-bei-schwindel\/\" aria-label=\"Hilfe bei Schwindel\"><img width=\"300\" height=\"200\" src=\"https:\/\/www.rtvmeinverein.at\/wp-content\/uploads\/2023\/09\/schwi-schwi-e1693823319607-300x200.jpg\" class=\"attachment-medium size-medium wp-post-image\" alt=\"\" decoding=\"async\" loading=\"lazy\" style=\"max-width:300px;max-height:140px;\" srcset=\"https:\/\/www.rtvmeinverein.at\/wp-content\/uploads\/2023\/09\/schwi-schwi-e1693823319607-300x200.jpg 300w, https:\/\/www.rtvmeinverein.at\/wp-content\/uploads\/2023\/09\/schwi-schwi-e1693823319607-1024x682.jpg 1024w, https:\/\/www.rtvmeinverein.at\/wp-content\/uploads\/2023\/09\/schwi-schwi-e1693823319607-768x511.jpg 768w, https:\/\/www.rtvmeinverein.at\/wp-content\/uploads\/2023\/09\/schwi-schwi-e1693823319607-1536x1023.jpg 1536w, https:\/\/www.rtvmeinverein.at\/wp-content\/uploads\/2023\/09\/schwi-schwi-e1693823319607-1170x779.jpg 1170w, https:\/\/www.rtvmeinverein.at\/wp-content\/uploads\/2023\/09\/schwi-schwi-e1693823319607.jpg 1622w\" sizes=\"(max-width: 300px) 100vw, 300px\" \/><\/a><\/div><a class=\"wp-block-latest-posts__post-title\" href=\"https:\/\/www.rtvmeinverein.at\/index.php\/2023\/09\/04\/hilfe-bei-schwindel\/\">Hilfe bei Schwindel<\/a><\/li>\n<li><div class=\"wp-block-latest-posts__featured-image\"><a href=\"https:\/\/www.rtvmeinverein.at\/index.php\/2023\/08\/30\/wie-entsteht-eine-losung-cdl\/\" aria-label=\"Wie entsteht eine L\u00f6sung CDL\"><img width=\"300\" height=\"200\" src=\"https:\/\/www.rtvmeinverein.at\/wp-content\/uploads\/2023\/08\/CDL-e1693392494864-300x200.jpg\" class=\"attachment-medium size-medium wp-post-image\" alt=\"\" decoding=\"async\" loading=\"lazy\" style=\"max-width:300px;max-height:140px;\" srcset=\"https:\/\/www.rtvmeinverein.at\/wp-content\/uploads\/2023\/08\/CDL-e1693392494864-300x200.jpg 300w, https:\/\/www.rtvmeinverein.at\/wp-content\/uploads\/2023\/08\/CDL-e1693392494864-1024x682.jpg 1024w, https:\/\/www.rtvmeinverein.at\/wp-content\/uploads\/2023\/08\/CDL-e1693392494864-768x511.jpg 768w, https:\/\/www.rtvmeinverein.at\/wp-content\/uploads\/2023\/08\/CDL-e1693392494864-1536x1023.jpg 1536w, https:\/\/www.rtvmeinverein.at\/wp-content\/uploads\/2023\/08\/CDL-e1693392494864-1170x779.jpg 1170w, https:\/\/www.rtvmeinverein.at\/wp-content\/uploads\/2023\/08\/CDL-e1693392494864.jpg 1619w\" sizes=\"(max-width: 300px) 100vw, 300px\" \/><\/a><\/div><a class=\"wp-block-latest-posts__post-title\" href=\"https:\/\/www.rtvmeinverein.at\/index.php\/2023\/08\/30\/wie-entsteht-eine-losung-cdl\/\">Wie entsteht eine L\u00f6sung CDL<\/a><\/li>\n<li><div class=\"wp-block-latest-posts__featured-image\"><a href=\"https:\/\/www.rtvmeinverein.at\/index.php\/2023\/08\/14\/mms-heilt-malaria-in-uganda\/\" aria-label=\"MMS heilt Malaria in Uganda\"><img width=\"300\" height=\"200\" src=\"https:\/\/www.rtvmeinverein.at\/wp-content\/uploads\/2023\/08\/uganda-e1692009406898-300x200.jpg\" class=\"attachment-medium size-medium wp-post-image\" alt=\"\" decoding=\"async\" loading=\"lazy\" style=\"max-width:300px;max-height:140px;\" srcset=\"https:\/\/www.rtvmeinverein.at\/wp-content\/uploads\/2023\/08\/uganda-e1692009406898-300x200.jpg 300w, https:\/\/www.rtvmeinverein.at\/wp-content\/uploads\/2023\/08\/uganda-e1692009406898.jpg 540w\" sizes=\"(max-width: 300px) 100vw, 300px\" \/><\/a><\/div><a class=\"wp-block-latest-posts__post-title\" href=\"https:\/\/www.rtvmeinverein.at\/index.php\/2023\/08\/14\/mms-heilt-malaria-in-uganda\/\">MMS heilt Malaria in Uganda<\/a><\/li>\n<\/ul>","protected":false},"excerpt":{"rendered":"","protected":false},"author":1,"featured_media":0,"parent":0,"menu_order":0,"comment_status":"closed","ping_status":"closed","template":"","meta":[],"_links":{"self":[{"href":"https:\/\/www.rtvmeinverein.at\/index.php\/wp-json\/wp\/v2\/pages\/440"}],"collection":[{"href":"https:\/\/www.rtvmeinverein.at\/index.php\/wp-json\/wp\/v2\/pages"}],"about":[{"href":"https:\/\/www.rtvmeinverein.at\/index.php\/wp-json\/wp\/v2\/types\/page"}],"author":[{"embeddable":true,"href":"https:\/\/www.rtvmeinverein.at\/index.php\/wp-json\/wp\/v2\/users\/1"}],"replies":[{"embeddable":true,"href":"https:\/\/www.rtvmeinverein.at\/index.php\/wp-json\/wp\/v2\/comments?post=440"}],"version-history":[{"count":2,"href":"https:\/\/www.rtvmeinverein.at\/index.php\/wp-json\/wp\/v2\/pages\/440\/revisions"}],"predecessor-version":[{"id":1105,"href":"https:\/\/www.rtvmeinverein.at\/index.php\/wp-json\/wp\/v2\/pages\/440\/revisions\/1105"}],"wp:attachment":[{"href":"https:\/\/www.rtvmeinverein.at\/index.php\/wp-json\/wp\/v2\/media?parent=440"}],"curies":[{"name":"wp","href":"https:\/\/api.w.org\/{rel}","templated":true}]}}